t common divisor of 2156 and 482636.
308
Calculate the greatest common factor of 68513 and 262.
131
Calculate the highest common divisor of 3200 and 52050.
50
What is the greatest common divisor of 248135 and 5?
5
What is the highest common divisor of 237 and 1264?
79
What is the highest common divisor of 2233 and 10164?
77
What is the highest common divisor of 1417 and 143989?
109
Calculate the highest common factor of 60 and 24774.
6
What is the highest common divisor of 368 and 27002?
46
Calculate the highest common divisor of 1794 and 52.
26
Calculate the highest common divisor of 992 and 2759.
31
Calculate the highest common factor of 5265 and 49023.
117
Calculate the greatest common factor of 26 and 2616016.
26
Calculate the greatest common divisor of 12432 and 89392.
592
What is the highest common divisor of 686 and 22834?
98
Calculate the greatest common factor of 4393 and 184.
23
What is the highest common divisor of 1490 and 3345?
5
What is the greatest common factor of 1266698 and 254?
254
Calculate the highest common factor of 529 and 1793839.
529
Calculate the greatest common divisor of 332579 and 26.
13
What is the greatest common divisor of 1904 and 513808?
272
Calculate the highest common divisor of 4199 and 8228.
17
What is the highest common factor of 153 and 1391977?
17
Calculate the highest common divisor of 1638 and 294021.
819
Calculate the highest common divisor of 320 and 89840.
80
What is the highest common factor of 160029 and 27?
27
Calculate the highest common divisor of 903 and 413187.
129
What is the highest common factor of 5014 and 130582?
218
What is the greatest common factor of 275 and 23515?
5
Calculate the greatest common divisor of 850 and 28135.
85
Calculate the greatest common divisor of 48184 and 304.
152
Calculate the highest common divisor of 279400 and 56.
8
Calculate the highest common divisor of 232038 and 297.
27
What is the greatest common divisor of 3573 and 7194831?
1191
Calculate the greatest common factor of 30 and 25930.
10
What is the greatest common divisor of 251 and 801694?
251
Calculate the highest common divisor of 169867 and 37.
37
What is the greatest common factor of 3103 and 3424?
107
What is the highest common divisor of 719034 and 6?
6
What is the highest common divisor of 76 and 488357?
19
Calculate the greatest common divisor of 2383051 and 44.
11
What is the greatest common divisor of 531763 and 389?
389
What is the greatest common divisor of 122 and 335378?
122
Calculate the greatest common divisor of 13872 and 48.
48
Calculate the greatest common divisor of 239100 and 40.
20
What is the highest common divisor of 14694 and 42?
6
What is the greatest common factor of 33 and 171897?
33
Calculate the highest common factor of 42912 and 14886.
18
What is the highest common divisor of 9108 and 2001?
69
What is the highest common factor of 2001 and 39353?
667
Calculate the greatest common factor of 18 and 1638354.
6
What is the highest common factor of 10624 and 74036?
332
Calculate the greatest common factor of 430 and 71122.
86
What is the highest common divisor of 2445 and 72030?
15
What is the highest common divisor of 210 and 204890?
70
What is the greatest common divisor of 6344385 and 113?
113
What is the highest common factor of 440 and 271480?
440
What is the greatest common divisor of 29394 and 5382?
414
Calculate the greatest common factor of 27 and 1990467.
27
What is the highest common divisor of 3130 and 5321?
313
Calculate the highest common divisor of 6251 and 1081.
47
What is the greatest common divisor of 6724 and 461004?
164
Calculate the greatest common divisor of 92 and 7180.
4
What is the highest common divisor of 33 and 815199?
33
Calculate the highest common factor of 96 and 11184.
48
What is the highest common factor of 9369 and 171?
9
Calculate the highest common factor of 4520 and 43618.
226
Calculate the highest common factor of 112 and 20524.
28
What is the highest common factor of 272 and 223992?
136
What is the highest common factor of 142142 and 273?
91
What is the greatest common divisor of 2308325 and 25?
25
Calculate the greatest common divisor of 1826 and 341.
11
What is the highest common factor of 201318 and 1246?
178
Calculate the greatest common factor of 2704 and 150384.
208
What is the highest common factor of 384 and 1070400?
192
What is the highest common divisor of 98 and 12327?
7
Calculate the greatest common factor of 2384095 and 370.
185
What is the greatest common factor of 2448 and 79509?
51
What is the greatest common divisor of 21 and 18991?
7
Calculate the highest common divisor of 27441 and 81.
9
Calculate the highest common factor of 2702 and 28178.
386
Calculate the greatest common factor of 1916 and 99153.
479
What is the highest common divisor of 2679 and 65778?
57
Calculate the highest common divisor of 16 and 68872.
8
Calculate the greatest common factor of 631742 and 292.
146
What is the greatest common divisor of 68 and 68024?
4
What is the highest common factor of 1403 and 58133?
61
Calculate the greatest common divisor of 272534 and 129.
43
Calculate the highest common divisor of 262797 and 2792.
349
What is the greatest common divisor of 8265 and 83220?
285
Calculate the greatest common factor of 103 and 141728.
103
Calculate the greatest common factor of 225 and 106875.
225
Calculate the greatest common divisor of 227 and 438791.
227
What is the greatest common divisor of 4726 and 817876?
278
What is the greatest common factor of 167510 and 14?
14
Calculate the greatest common factor of 76241 and 2233.
319
Calculate the highest common factor of 645 and 435.
15
Calculate the highest common divisor of 545 and 547507.
109
What is the greatest common factor of 267 and 532932?
267
What is the highest common factor of 25116 and 84994?
182
Calculate the highest common factor of 71839 and 199.
199
Calculate the highest common factor of 6815 and 678445.
235
What is the highest common factor of 345 and 25455?
15
Calculate the greatest common factor of 648 and 328374.
162
Calculate the greatest common divisor of 725 and 95294.
29
What is the highest common factor of 155 and 1364?
31
What is the greatest common factor of 2596 and 1269916?
236
What is the highest common factor of 21747 and 132?
33
What is the greatest common factor of 12318 and 318?
6
What is the highest common divisor of 2375 and 397625?
125
Calculate the greatest common divisor of 2178 and 2826.
18
Calculate the highest common factor of 234 and 224874.
234
Calculate the greatest common factor of 17 and 1804584.
17
Calculate the greatest common divisor of 11135 and 170.
85
What is the highest common factor of 22791 and 3621?
213
What is the highest common factor of 12077 and 26?
13
Calculate the greatest common factor of 610 and 12444.
122
Calculate the greatest common factor of 182 and 4480.
14
What is the highest common factor of 1548 and 25800?
516
What is the greatest common divisor of 2923 and 163530?
79
Calculate the highest common factor of 17408 and 40324.
68
What is the greatest common factor of 9170 and 85330?
70
What is the greatest common divisor of 4158 and 7678?
22
What is the highest common divisor of 5888857 and 39?
13
Calculate the highest common divisor of 889 and 37211.
127
Calculate the greatest common factor of 4002 and 58236.
138
What is the greatest common factor of 190 and 5985?
95
What is the highest common factor of 108 and 214236?
36
Calculate the highest common divisor of 691845 and 924.
231
Calculate the greatest common divisor of 318 and 205216.
106
What is the highest common divisor of 19 and 230793?
19
What is the highest common divisor of 6888 and 9348?
492
What is the highest common factor of 162 and 296379?
81
What is the highest common factor of 101 and 110393?
101
Calculate the highest common factor of 36005 and 758.
379
What is the highest common divisor of 56 and 250012?
28
What is the greatest common factor of 259956 and 108?
108
Calculate the greatest common divisor of 8 and 14500.
4
Calculate the greatest common factor of 6042 and 950.
38
What is the highest common divisor of 4208094 and 477?
477
What is the greatest common divisor of 62122 and 33504?
698
What is the highest common divisor of 791367 and 5523?
789
Cal